{"id":73,"date":"2018-07-05T07:18:40","date_gmt":"2018-07-05T07:18:40","guid":{"rendered":"https:\/\/gesducon.es\/?page_id=73"},"modified":"2023-01-05T09:44:17","modified_gmt":"2023-01-05T09:44:17","slug":"politica-medioambietal-y-de-sst","status":"publish","type":"page","link":"https:\/\/gesducon.es\/index.php\/conoce-gesducon\/politica-medioambietal-y-de-sst\/","title":{"rendered":"Pol\u00edtica medioambiental y de SST"},"content":{"rendered":"<p style=\"text-align: left;\"><strong>SERVICIOS DOCUMENTALES GESDUCON, S.L., empresa dedicada a la actividad de recogida y destrucci\u00f3n de informaci\u00f3n confidencial, ha decidido establecer la presente pol\u00edtica medioambiental y, de seguridad y de salud en el trabajo como marco de referencia para su Sistema de Gesti\u00f3n (SG), definido seg\u00fan la normas ISO 45001:2018 y UNE-EN ISO 14001:2015.<\/strong><\/p>\n<p>La misma se concreta en los siguientes <strong>compromisos<\/strong>:<\/p>\n<ul>\n<li>Establecer procesos de trabajo respetuosos con el medio ambiente y con la seguridad y salud en el trabajo, evitando o minimizando los posibles riesgos de seguridad y salud en el trabajo (SST), as\u00ed como los impactos ambientales negativos asociados a nuestra actividad y servicios prestados.<\/li>\n<li>Asumir el compromiso de cumplir los requisitos legales y reglamentarios aplicables, as\u00ed como otros aplicables que SERVICIOS DOCUMENTALES GESDUCON, S.L. suscriba, relacionados con nuestros servicios de recogida y destrucci\u00f3n de informaci\u00f3n confidencial.<\/li>\n<li>Comunicar la presente pol\u00edtica a nuestro personal y a todos nuestros colaboradores, as\u00ed como ponerla a disposici\u00f3n de las partes interesadas pertinentes, para que la comprendan y participen de la misma.<\/li>\n<li>Revisar y actualizar la mencionada pol\u00edtica, siempre que se produzcan cambios significativos en el prop\u00f3sito y el contexto de la organizaci\u00f3n, con el fin de su continua adaptaci\u00f3n.<\/li>\n<li>Establecer un programa de objetivos y metas orientados a la mejora del desempe\u00f1o ambiental y de SST, asignando y gestionando los recursos humanos y materiales necesarios para cumplir con los mismos, seg\u00fan los principios generales de prevenci\u00f3n de la contaminaci\u00f3n y de los da\u00f1os derivados del trabajo, as\u00ed como a la promoci\u00f3n de la SST.<\/li>\n<li>Capacitar de forma continua a todo nuestro personal para un mejor desempe\u00f1o de los procesos, fomentando la consulta y participaci\u00f3n del mismo, con especial atenci\u00f3n a la gesti\u00f3n del cambio y del conocimiento.<\/li>\n<\/ul>\n<p style=\"text-align: center;\">09\/10\/2020<\/p>\n<p style=\"text-align: center;\">Pedro Basarrate<\/p>\n<p style=\"text-align: center;\">Gerente<\/p>\n<p>\u00a0<\/p>\n\n\n<div data-wp-interactive=\"\" class=\"wp-block-file\"><object data-wp-bind--hidden=\"!selectors.core.file.hasPdfPreview\" hidden class=\"wp-block-file__embed\" data=\"https:\/\/gesducon.es\/wp-content\/uploads\/2023\/01\/Anexo-B_Rev03_Poli\u0301tica-SG_para-publicar.pdf\" type=\"application\/pdf\" style=\"width:100%;height:600px\" aria-label=\"Incrustado de Incrustado de Anexo-B_Rev03_Poli\u0301tica-SG_para-publicar..\"><\/object><a href=\"https:\/\/gesducon.es\/wp-content\/uploads\/2023\/01\/Anexo-B_Rev03_Poli\u0301tica-SG_para-publicar.pdf\">Anexo-B_Rev03_Poli\u0301tica-SG_para-publicar<\/a><a href=\"https:\/\/gesducon.es\/wp-content\/uploads\/2023\/01\/Anexo-B_Rev03_Poli\u0301tica-SG_para-publicar.pdf\" class=\"wp-block-file__button\" download>Descarga<\/a><\/div>\n","protected":false},"excerpt":{"rendered":"<p>SERVICIOS DOCUMENTALES GESDUCON, S.L., empresa dedicada a la actividad de recogida y destrucci\u00f3n de informaci\u00f3n confidencial, ha decidido establecer la presente pol\u00edtica medioambiental y, de seguridad y de salud en el trabajo como marco de referencia para su Sistema de Gesti\u00f3n (SG), definido seg\u00fan la normas ISO 45001:2018 y UNE-EN ISO 14001:2015. La misma se &hellip; <\/p>\n","protected":false},"author":1,"featured_media":0,"parent":204,"menu_order":3,"comment_status":"closed","ping_status":"closed","template":"","meta":{"jetpack_post_was_ever_published":false,"footnotes":""},"jetpack_sharing_enabled":true,"jetpack_shortlink":"https:\/\/wp.me\/Pa393r-1b","_links":{"self":[{"href":"https:\/\/gesducon.es\/index.php\/wp-json\/wp\/v2\/pages\/73"}],"collection":[{"href":"https:\/\/gesducon.es\/index.php\/wp-json\/wp\/v2\/pages"}],"about":[{"href":"https:\/\/gesducon.es\/index.php\/wp-json\/wp\/v2\/types\/page"}],"author":[{"embeddable":true,"href":"https:\/\/gesducon.es\/index.php\/wp-json\/wp\/v2\/users\/1"}],"replies":[{"embeddable":true,"href":"https:\/\/gesducon.es\/index.php\/wp-json\/wp\/v2\/comments?post=73"}],"version-history":[{"count":4,"href":"https:\/\/gesducon.es\/index.php\/wp-json\/wp\/v2\/pages\/73\/revisions"}],"predecessor-version":[{"id":786,"href":"https:\/\/gesducon.es\/index.php\/wp-json\/wp\/v2\/pages\/73\/revisions\/786"}],"up":[{"embeddable":true,"href":"https:\/\/gesducon.es\/index.php\/wp-json\/wp\/v2\/pages\/204"}],"wp:attachment":[{"href":"https:\/\/gesducon.es\/index.php\/wp-json\/wp\/v2\/media?parent=73"}],"curies":[{"name":"wp","href":"https:\/\/api.w.org\/{rel}","templated":true}]}}