{"id":67,"date":"2018-07-05T06:59:15","date_gmt":"2018-07-05T06:59:15","guid":{"rendered":"https:\/\/gesducon.es\/?page_id=67"},"modified":"2018-07-13T12:52:12","modified_gmt":"2018-07-13T12:52:12","slug":"servicio-de-recogida-y-gestion-documental","status":"publish","type":"page","link":"https:\/\/gesducon.es\/index.php\/servicios\/servicio-de-recogida-y-gestion-documental\/","title":{"rendered":"Servicio de recogida y gesti\u00f3n documental"},"content":{"rendered":"<p>Le ofrecemos un servicio a la medida de sus necesidades, siempre realizado\u00a0por personal propio, debidamente uniformado y acreditado.<\/p>\n<h3><strong>Gesti\u00f3n documental<\/strong><\/h3>\n<p>Queremos ayudarle con la organizaci\u00f3n de sus documentos y la optimizaci\u00f3n del archivo. Si usted desea recolocamos todo el archivo en sus instalaciones, respetando tiempos legales de guarda y expurgo. Y si desea le ayudamos con la custodia de los archivos ofreci\u00e9ndole una soluci\u00f3n adecuada a sus necesidades.<\/p>\n<h3><strong>Servicio regular de recogida<\/strong><\/h3>\n<p>Con una frecuencia pre-establecida que puede regularse en funci\u00f3n de las necesidades, nos encargamos de acudir a sus instalaciones, sustituir al momento los contenedores de seguridad, y entregarle el albar\u00e1n de recogida. \u00a0Posteriormente, \u00a0tras la fase de destrucci\u00f3n, le remitiremos el certificado de destrucci\u00f3n certificada seg\u00fan norma\u00a0<strong>UNE 15713<\/strong>, para que pueda incorporarlo a su sistema de gesti\u00f3n medioambiental.<\/p>\n<p><img loading=\"lazy\" decoding=\"async\" class=\"aligncenter size-medium wp-image-365\" src=\"https:\/\/gesducon.es\/wp-content\/uploads\/2018\/07\/WhatsApp-Image-2018-07-11-at-13.35.54-1-300x225.jpeg\" alt=\"\" width=\"300\" height=\"225\" srcset=\"https:\/\/gesducon.es\/wp-content\/uploads\/2018\/07\/WhatsApp-Image-2018-07-11-at-13.35.54-1-300x225.jpeg 300w, https:\/\/gesducon.es\/wp-content\/uploads\/2018\/07\/WhatsApp-Image-2018-07-11-at-13.35.54-1-768x576.jpeg 768w, https:\/\/gesducon.es\/wp-content\/uploads\/2018\/07\/WhatsApp-Image-2018-07-11-at-13.35.54-1.jpeg 1024w, https:\/\/gesducon.es\/wp-content\/uploads\/2018\/07\/WhatsApp-Image-2018-07-11-at-13.35.54-1-80x60.jpeg 80w\" sizes=\"(max-width: 300px) 100vw, 300px\" \/><\/p>\n<p style=\"text-align: center;\"><em>Imagen de una oficina con dos contenedores de seguridad de Gesducon colocados<\/em><\/p>\n<p>&nbsp;<\/p>\n<h3><strong>Servicio puntual y expurgos<\/strong><\/h3>\n<p>\u00bfHa llegado el momento de hacer una limpieza de documentaci\u00f3n en sus archivos? \u00a0\u00bfMaterial obsoleto en el almac\u00e9n? \u00bfMobiliario y equipos ofim\u00e1ticos a retirar? \u00a1Nosotros nos ocupamos de todo!<\/p>\n<p>Materiales que retiramos:<\/p>\n<ul>\n<li>Ordenadores, teclados, monitores, ratones, impresoras, etc<\/li>\n<li>Pilas, t\u00f3ner, fluorescentes, palets, pl\u00e1sticos, muebles, sillas, etc.<\/li>\n<li>Traslados y vaciados de oficinas de empresas:\n<ul>\n<li>Documentaci\u00f3n, materiales, equipamiento\u2026<\/li>\n<li>Mobiliario\u2026<\/li>\n<\/ul>\n<\/li>\n<\/ul>\n<p><img loading=\"lazy\" decoding=\"async\" class=\"size-medium wp-image-354 aligncenter\" src=\"https:\/\/gesducon.es\/wp-content\/uploads\/2018\/07\/WhatsApp-Image-2018-07-11-at-13.43.55-1-300x225.jpeg\" alt=\"\" width=\"300\" height=\"225\" srcset=\"https:\/\/gesducon.es\/wp-content\/uploads\/2018\/07\/WhatsApp-Image-2018-07-11-at-13.43.55-1-300x225.jpeg 300w, https:\/\/gesducon.es\/wp-content\/uploads\/2018\/07\/WhatsApp-Image-2018-07-11-at-13.43.55-1-768x576.jpeg 768w, https:\/\/gesducon.es\/wp-content\/uploads\/2018\/07\/WhatsApp-Image-2018-07-11-at-13.43.55-1.jpeg 1024w, https:\/\/gesducon.es\/wp-content\/uploads\/2018\/07\/WhatsApp-Image-2018-07-11-at-13.43.55-1-80x60.jpeg 80w\" sizes=\"(max-width: 300px) 100vw, 300px\" \/><\/p>\n<p style=\"text-align: center;\"><em>Trabajador de Gesducon vaciando una estanter\u00eda de carpetas AZs y deposit\u00e1ndolas en uno de los contenedores de seguridad<\/em><\/p>\n<p><strong>Entregas en planta<\/strong><\/p>\n<p>Le ofrecemos la posibilidad de traer la documentaci\u00f3n personalmente<\/p>\n<hr \/>\n<p style=\"text-align: center;\"><img loading=\"lazy\" decoding=\"async\" class=\"size-medium wp-image-355 aligncenter\" src=\"https:\/\/gesducon.es\/wp-content\/uploads\/2018\/07\/WhatsApp-Image-2018-07-11-at-13.33.59-1-225x300.jpeg\" alt=\"\" width=\"225\" height=\"300\" srcset=\"https:\/\/gesducon.es\/wp-content\/uploads\/2018\/07\/WhatsApp-Image-2018-07-11-at-13.33.59-1-225x300.jpeg 225w, https:\/\/gesducon.es\/wp-content\/uploads\/2018\/07\/WhatsApp-Image-2018-07-11-at-13.33.59-1.jpeg 768w, https:\/\/gesducon.es\/wp-content\/uploads\/2018\/07\/WhatsApp-Image-2018-07-11-at-13.33.59-1-45x60.jpeg 45w\" sizes=\"(max-width: 225px) 100vw, 225px\" \/><em>Uno de los camiones de transporte especial de Gesducon<\/em><\/p>\n<p style=\"text-align: center;\"><img loading=\"lazy\" decoding=\"async\" class=\"size-medium wp-image-356 aligncenter\" src=\"https:\/\/gesducon.es\/wp-content\/uploads\/2018\/07\/WhatsApp-Image-2018-07-11-at-13.39.41-1-300x225.jpeg\" alt=\"\" width=\"300\" height=\"225\" srcset=\"https:\/\/gesducon.es\/wp-content\/uploads\/2018\/07\/WhatsApp-Image-2018-07-11-at-13.39.41-1-300x225.jpeg 300w, https:\/\/gesducon.es\/wp-content\/uploads\/2018\/07\/WhatsApp-Image-2018-07-11-at-13.39.41-1-768x576.jpeg 768w, https:\/\/gesducon.es\/wp-content\/uploads\/2018\/07\/WhatsApp-Image-2018-07-11-at-13.39.41-1.jpeg 1024w, https:\/\/gesducon.es\/wp-content\/uploads\/2018\/07\/WhatsApp-Image-2018-07-11-at-13.39.41-1-80x60.jpeg 80w\" sizes=\"(max-width: 300px) 100vw, 300px\" \/><em>Vista general de la planta de destrucci\u00f3n confidencial de Gesducon en Balmaseda (Bizkaia)<\/em><\/p>\n","protected":false},"excerpt":{"rendered":"<p>Le ofrecemos un servicio a la medida de sus necesidades, siempre realizado\u00a0por personal propio, debidamente uniformado y acreditado. Gesti\u00f3n documental Queremos ayudarle con la organizaci\u00f3n de sus documentos y la optimizaci\u00f3n del archivo. Si usted desea recolocamos todo el archivo en sus instalaciones, respetando tiempos legales de guarda y expurgo. Y si desea le ayudamos &hellip; <\/p>\n","protected":false},"author":1,"featured_media":352,"parent":60,"menu_order":0,"comment_status":"closed","ping_status":"closed","template":"","meta":{"jetpack_post_was_ever_published":false,"footnotes":""},"jetpack_sharing_enabled":false,"jetpack_shortlink":"https:\/\/wp.me\/Pa393r-15","_links":{"self":[{"href":"https:\/\/gesducon.es\/index.php\/wp-json\/wp\/v2\/pages\/67"}],"collection":[{"href":"https:\/\/gesducon.es\/index.php\/wp-json\/wp\/v2\/pages"}],"about":[{"href":"https:\/\/gesducon.es\/index.php\/wp-json\/wp\/v2\/types\/page"}],"author":[{"embeddable":true,"href":"https:\/\/gesducon.es\/index.php\/wp-json\/wp\/v2\/users\/1"}],"replies":[{"embeddable":true,"href":"https:\/\/gesducon.es\/index.php\/wp-json\/wp\/v2\/comments?post=67"}],"version-history":[{"count":15,"href":"https:\/\/gesducon.es\/index.php\/wp-json\/wp\/v2\/pages\/67\/revisions"}],"predecessor-version":[{"id":389,"href":"https:\/\/gesducon.es\/index.php\/wp-json\/wp\/v2\/pages\/67\/revisions\/389"}],"up":[{"embeddable":true,"href":"https:\/\/gesducon.es\/index.php\/wp-json\/wp\/v2\/pages\/60"}],"wp:featuredmedia":[{"embeddable":true,"href":"https:\/\/gesducon.es\/index.php\/wp-json\/wp\/v2\/media\/352"}],"wp:attachment":[{"href":"https:\/\/gesducon.es\/index.php\/wp-json\/wp\/v2\/media?parent=67"}],"curies":[{"name":"wp","href":"https:\/\/api.w.org\/{rel}","templated":true}]}}