{"id":60,"date":"2018-07-05T06:58:42","date_gmt":"2018-07-05T06:58:42","guid":{"rendered":"https:\/\/gesducon.es\/?page_id=60"},"modified":"2018-07-06T12:23:42","modified_gmt":"2018-07-06T12:23:42","slug":"servicios","status":"publish","type":"page","link":"https:\/\/gesducon.es\/index.php\/servicios\/","title":{"rendered":"Servicios"},"content":{"rendered":"<p><img loading=\"lazy\" decoding=\"async\" class=\"size-medium wp-image-219 alignleft\" src=\"https:\/\/gesducon.es\/wp-content\/uploads\/2018\/07\/el-certificado-271x300.jpg\" alt=\"\" width=\"271\" height=\"300\" srcset=\"https:\/\/gesducon.es\/wp-content\/uploads\/2018\/07\/el-certificado-271x300.jpg 271w, https:\/\/gesducon.es\/wp-content\/uploads\/2018\/07\/el-certificado-54x60.jpg 54w, https:\/\/gesducon.es\/wp-content\/uploads\/2018\/07\/el-certificado.jpg 339w\" sizes=\"(max-width: 271px) 100vw, 271px\" \/><strong>Nuestra misi\u00f3n<\/strong> es darte un <strong>servicio de la m\u00e1xima calidad y garant\u00eda<\/strong> para que tu experiencia con nosotros sea la mejor. Por eso siempre primero te escuchamos y te proponemos la mejor soluci\u00f3n: la m\u00e1s <strong>segura<\/strong>, <strong>c\u00f3moda<\/strong>, <strong>fiable<\/strong> y <strong>econ\u00f3mica<\/strong>.<\/p>\n<p>Debido a nuestra <strong>gran capacidad<\/strong> en todos los procesos de la actividad:<\/p>\n<ul>\n<li>Importante flota de <strong>veh\u00edculos propios<\/strong><\/li>\n<li>La <strong>planta de destrucci\u00f3n<\/strong> m\u00e1s grande del Norte de Espa\u00f1a<\/li>\n<li>Un <strong>equipo de personas<\/strong> con gran motivaci\u00f3n e implicaci\u00f3n<\/li>\n<li>M\u00e1s de 1<strong>0 a\u00f1os de<\/strong> <strong>experiencia<\/strong> dando servicio desde las m\u00e1s grandes multinacionales hasta la PYME m\u00e1s peque\u00f1a<\/li>\n<\/ul>\n<p>&nbsp;<\/p>\n<p><img loading=\"lazy\" decoding=\"async\" class=\"size-medium wp-image-131 aligncenter\" src=\"https:\/\/gesducon.es\/wp-content\/uploads\/2018\/07\/recogida-gesducon-300x300.jpg\" alt=\"\" width=\"300\" height=\"300\" srcset=\"https:\/\/gesducon.es\/wp-content\/uploads\/2018\/07\/recogida-gesducon-300x300.jpg 300w, https:\/\/gesducon.es\/wp-content\/uploads\/2018\/07\/recogida-gesducon-150x150.jpg 150w, https:\/\/gesducon.es\/wp-content\/uploads\/2018\/07\/recogida-gesducon-768x768.jpg 768w, https:\/\/gesducon.es\/wp-content\/uploads\/2018\/07\/recogida-gesducon-370x370.jpg 370w, https:\/\/gesducon.es\/wp-content\/uploads\/2018\/07\/recogida-gesducon-60x60.jpg 60w, https:\/\/gesducon.es\/wp-content\/uploads\/2018\/07\/recogida-gesducon.jpg 781w\" sizes=\"(max-width: 300px) 100vw, 300px\" \/><\/p>\n<h3 style=\"text-align: left;\">Qu\u00e9 servicios ofrecemos<\/h3>\n<p>&nbsp;<\/p>\n<h5>Recogida y destrucci\u00f3n confidencial de documentos en soporte de papel y magn\u00e9tico<\/h5>\n<p style=\"text-align: left;\">Toda clase de documentaci\u00f3n legal, ofertas, planes de gesti\u00f3n, planes comerciales, n\u00f3minas, listados de clientes, proveedores, etc\u2026<\/p>\n<p style=\"text-align: left;\">CD, DVD,\u00a0discos \u00f3pticos, disquetes, tarjetas magn\u00e9ticas, cintas de v\u00eddeo, casettes, cintas magnetof\u00f3nicas, films, microfilms, etc.<\/p>\n<h5><strong>Destrucci\u00f3n certificada<\/strong><\/h5>\n<p>La planta de destrucci\u00f3n se encuentra en un recinto cerrado con acceso restringido, en el que una c\u00e1mara registra todas las operaciones y movimientos realizados hasta la total destrucci\u00f3n: descarga de contenedores, apertura y alimentaci\u00f3n en la tolva, alimentaci\u00f3n de la l\u00ednea destructora, recogida de los fardos finales de material triturado seg\u00fan norma UNE 15713.El certificado que le entregaremos indica:<\/p>\n<ul>\n<li>Fecha y lugar de la destrucci\u00f3n<\/li>\n<li>Cantidad de documentaci\u00f3n destruida<\/li>\n<li>Tama\u00f1o de part\u00edcula final<\/li>\n<li>M\u00e9todo utilizado para la destrucci\u00f3n<\/li>\n<\/ul>\n<h5><strong style=\"font-family: -apple-system, BlinkMacSystemFont, 'Segoe UI', Roboto, Oxygen-Sans, Ubuntu, Cantarell, 'Helvetica Neue', sans-serif;\">Retirada de enseres de oficina, aparatos el\u00e9ctricos y electr\u00f3nicos<\/strong><\/h5>\n<p>Gesducon le ofrece el servicio de retirada de enseres de oficina como mobiliario, equipos electr\u00f3nicos (ordenadores, pantallas, tel\u00e9fonos&#8230;)<\/p>\n<p>Los materiales son gestionados adecuadamente intentando reutilizar aquellos en buenas condiciones, pero separando y reciclando el resto para que usted quede tranquilo en que est\u00e1 cuidando el medioambiente.<\/p>\n<h5><strong>Servicio de dep\u00f3sito de contenedores seguros<\/strong><\/h5>\n<p>Le ofrecemos contenedores seguros de distintas dimensiones (70 l. 240 l.) para garantizar que la documentaci\u00f3n depositada en ellos no est\u00e1 accesible para terceros, salvaguardando as\u00ed la seguridad de empresas y personas que han confiado en usted informaci\u00f3n sensible: n\u00f3minas, cuentas bancarias, especificaciones de producto\u2026<\/p>\n<h5><strong>Servicio de recogida a su medida<\/strong><\/h5>\n<p>En\u00a0servicio regular<\/p>\n<p>Servicio puntual y expurgos<\/p>\n","protected":false},"excerpt":{"rendered":"<p>Nuestra misi\u00f3n es darte un servicio de la m\u00e1xima calidad y garant\u00eda para que tu experiencia con nosotros sea la mejor. Por eso siempre primero te escuchamos y te proponemos la mejor soluci\u00f3n: la m\u00e1s segura, c\u00f3moda, fiable y econ\u00f3mica. Debido a nuestra gran capacidad en todos los procesos de la actividad: Importante flota de &hellip; <\/p>\n","protected":false},"author":1,"featured_media":0,"parent":0,"menu_order":0,"comment_status":"closed","ping_status":"closed","template":"","meta":{"jetpack_post_was_ever_published":false,"footnotes":""},"jetpack_sharing_enabled":false,"jetpack_shortlink":"https:\/\/wp.me\/Pa393r-Y","_links":{"self":[{"href":"https:\/\/gesducon.es\/index.php\/wp-json\/wp\/v2\/pages\/60"}],"collection":[{"href":"https:\/\/gesducon.es\/index.php\/wp-json\/wp\/v2\/pages"}],"about":[{"href":"https:\/\/gesducon.es\/index.php\/wp-json\/wp\/v2\/types\/page"}],"author":[{"embeddable":true,"href":"https:\/\/gesducon.es\/index.php\/wp-json\/wp\/v2\/users\/1"}],"replies":[{"embeddable":true,"href":"https:\/\/gesducon.es\/index.php\/wp-json\/wp\/v2\/comments?post=60"}],"version-history":[{"count":23,"href":"https:\/\/gesducon.es\/index.php\/wp-json\/wp\/v2\/pages\/60\/revisions"}],"predecessor-version":[{"id":234,"href":"https:\/\/gesducon.es\/index.php\/wp-json\/wp\/v2\/pages\/60\/revisions\/234"}],"wp:attachment":[{"href":"https:\/\/gesducon.es\/index.php\/wp-json\/wp\/v2\/media?parent=60"}],"curies":[{"name":"wp","href":"https:\/\/api.w.org\/{rel}","templated":true}]}}