{"id":372,"date":"2018-07-13T11:57:24","date_gmt":"2018-07-13T11:57:24","guid":{"rendered":"https:\/\/gesducon.es\/?page_id=372"},"modified":"2018-07-13T12:41:44","modified_gmt":"2018-07-13T12:41:44","slug":"destruccion-confidencial-en-soportes-magneticos","status":"publish","type":"page","link":"https:\/\/gesducon.es\/index.php\/servicios\/destruccion-confidencial-en-soportes-magneticos\/","title":{"rendered":"Destrucci\u00f3n confidencial en soportes magn\u00e9ticos"},"content":{"rendered":"<p>Gesducon recoge, destruye y gestiona confidencialmente datos personales y privados en toda clase de formatos, adem\u00e1s del papel. <strong>CD, DVD, discos \u00f3pticos, disquetes, tarjetas magn\u00e9ticas, cintas de v\u00eddeo, casetes, cintas magnetof\u00f3nicas, films, microfilms, radiograf\u00edas<\/strong>, <strong>tarjetas de cr\u00e9dito canceladas, elementos corporativos<\/strong>, etc.<\/p>\n<p><img loading=\"lazy\" decoding=\"async\" class=\"aligncenter size-medium wp-image-374\" src=\"https:\/\/gesducon.es\/wp-content\/uploads\/2018\/07\/WhatsApp-Image-2018-07-11-at-13.38.23-300x225.jpeg\" alt=\"\" width=\"300\" height=\"225\" srcset=\"https:\/\/gesducon.es\/wp-content\/uploads\/2018\/07\/WhatsApp-Image-2018-07-11-at-13.38.23-300x225.jpeg 300w, https:\/\/gesducon.es\/wp-content\/uploads\/2018\/07\/WhatsApp-Image-2018-07-11-at-13.38.23-768x576.jpeg 768w, https:\/\/gesducon.es\/wp-content\/uploads\/2018\/07\/WhatsApp-Image-2018-07-11-at-13.38.23.jpeg 1024w, https:\/\/gesducon.es\/wp-content\/uploads\/2018\/07\/WhatsApp-Image-2018-07-11-at-13.38.23-80x60.jpeg 80w\" sizes=\"(max-width: 300px) 100vw, 300px\" \/><\/p>\n<p>Nuestra planta de destrucci\u00f3n dispone de un sistema que separa materiales, y es capaz de destruir cualquiera de los soportes magn\u00e9ticos y f\u00edsicos garantizando la irrecuperabilidad e ilegibilidad.<\/p>\n<p>&nbsp;<\/p>\n","protected":false},"excerpt":{"rendered":"<p>Gesducon recoge, destruye y gestiona confidencialmente datos personales y privados en toda clase de formatos, adem\u00e1s del papel. CD, DVD, discos \u00f3pticos, disquetes, tarjetas magn\u00e9ticas, cintas de v\u00eddeo, casetes, cintas magnetof\u00f3nicas, films, microfilms, radiograf\u00edas, tarjetas de cr\u00e9dito canceladas, elementos corporativos, etc. Nuestra planta de destrucci\u00f3n dispone de un sistema que separa materiales, y es capaz &hellip; <\/p>\n","protected":false},"author":1,"featured_media":373,"parent":60,"menu_order":3,"comment_status":"closed","ping_status":"closed","template":"","meta":{"jetpack_post_was_ever_published":false,"footnotes":""},"jetpack_sharing_enabled":false,"jetpack_shortlink":"https:\/\/wp.me\/Pa393r-60","_links":{"self":[{"href":"https:\/\/gesducon.es\/index.php\/wp-json\/wp\/v2\/pages\/372"}],"collection":[{"href":"https:\/\/gesducon.es\/index.php\/wp-json\/wp\/v2\/pages"}],"about":[{"href":"https:\/\/gesducon.es\/index.php\/wp-json\/wp\/v2\/types\/page"}],"author":[{"embeddable":true,"href":"https:\/\/gesducon.es\/index.php\/wp-json\/wp\/v2\/users\/1"}],"replies":[{"embeddable":true,"href":"https:\/\/gesducon.es\/index.php\/wp-json\/wp\/v2\/comments?post=372"}],"version-history":[{"count":2,"href":"https:\/\/gesducon.es\/index.php\/wp-json\/wp\/v2\/pages\/372\/revisions"}],"predecessor-version":[{"id":387,"href":"https:\/\/gesducon.es\/index.php\/wp-json\/wp\/v2\/pages\/372\/revisions\/387"}],"up":[{"embeddable":true,"href":"https:\/\/gesducon.es\/index.php\/wp-json\/wp\/v2\/pages\/60"}],"wp:featuredmedia":[{"embeddable":true,"href":"https:\/\/gesducon.es\/index.php\/wp-json\/wp\/v2\/media\/373"}],"wp:attachment":[{"href":"https:\/\/gesducon.es\/index.php\/wp-json\/wp\/v2\/media?parent=372"}],"curies":[{"name":"wp","href":"https:\/\/api.w.org\/{rel}","templated":true}]}}